irst derivative of -4*r + 3/2*r**2 - w. Determine a(3).
5
Suppose -y - 1 = -6. Suppose -4 = 3*x + y. Let q(a) be the third derivative of a**6/120 + a**5/60 - a**4/8 + 2*a**3/3 - a**2. What is q(x)?
-5
Suppose 5*x + 228 - 223 = 0. Let g(f) = 3*f. Calculate g(x).
-3
Let i(b) = b**2 - 10*b + 9. Let v = -8 - -14. Give i(v).
-15
Let t = -8 - -12. Suppose -t*b = -2*b - 10. Let v(w) = w**2 - 3*w - 5. Determine v(b).
5
Suppose -2*g = 3*g - 15. Suppose -g*n + 12 = n. Suppose -5*z + 4*k + 17 = 0, 2*z + n*z - k - 23 = 0. Let x(i) = i - 2. Determine x(z).
3
Let f(a) = 3*a**2 - 1. Let u(z) = 7*z**2 + z - 2. Let r(v) = -9*f(v) + 4*u(v). What is r(-6)?
13
Let n(y) = 0*y**2 - 3 + 0*y**2 + 3*y + 0*y**2 + y**2. What is n(-4)?
1
Let p(b) be the third derivative of 3/2*b**3 - 1/24*b**4 + 0 + 0*b + 3*b**2. Calculate p(0).
9
Let l(s) be the first derivative of -s**2/2 - 8*s - 33. Determine l(0).
-8
Let v(y) = -y - 1. Let l be (-20)/70 + (-16)/(-7). What is v(l)?
-3
Let x = -5 + 15. Let c = -6 + x. Let v(s) = 0 + s**2 + 1 - 6 - 4*s. Give v(c).
-5
Let k be 7/(-2)*(-8)/14. Let i = k - -2. Let m(t) = 5*t - 9 + 3 - i*t - 4. Determine m(0).
-10
Let x(p) be the first derivative of 4*p**3/3 + p + 4. Suppose -a - 4 = 6. Let w be a/(-8) - (-5)/(-20). What is x(w)?
5
Let d(t) = 2*t - 12. Let w be (-3)/12 - 132/(-16). Give d(w).
4
Let h(x) = -14*x + 7*x - x**2 + 4 + 1 + x**3. Determine h(4).
25
Let o(y) = y - 3. Let w = 42 - 40. Calculate o(w).
-1
Let d(v) = 21 - 2*v - 35 + 20 - v**2. Determine d(-5).
-9
Let c(g) = g + 3. Let i be c(-5). Let f(r) = -2*r - 3. Determine f(i).
1
Suppose 2*s = -2*c + 2, 2*c - 2*s + s - 11 = 0. Let n(g) = g**2 - 3*g. What is n(c)?
4
Let h(l) = l**3 - l**2 - 3*l + 2. Let v be 17/5 - (-2)/(-5). Suppose 5*b - 6 = -0*b - v*d, 0 = b + 2*d + 3. Calculate h(b).
11
Suppose -3*j = -3*t - j - 11, -4*t = 4*j + 48. Let p = 9 + t. Let v(k) = -4 + 2*k**3 - k**3 - p*k + k. What is v(0)?
-4
Let x(p) be the second derivative of p**7/840 + p**6/72 + p**5/20 + p**4/8 + p**3/3 - 7*p. Let m(v) be the second derivative of x(v). What is m(-4)?
-5
Let r(o) = -o + 1. Let l(k) = k**3 - 5*k**2 - 3*k - 5. Let t(n) = -l(n) - 2*r(n). Calculate t(6).
-3
Let f(g) = -g**2 - 3*g. Let j be (-4)/(-16) - 27/(-4). Let h(y) = -y**3 + 8*y**2 - 8*y + 3. Let o be h(j). Determine f(o).
-4
Let b(o) be the second derivative of o**4/12 + 5*o**3/6 - 3*o**2 - 8*o. Give b(-5).
-6
Let f(y) = -5*y + 4. Let b(p) = 9*p - 8. Let j(q) = -6*b(q) - 11*f(q). Let a be (-2)/(-8) + 9*(-63)/108. Calculate j(a).
-1
Let l(g) = -2 + 1 + g**2 + 3*g - g. Give l(-3).
2
Let m(y) = y**3 - 10*y**2. Let t be m(10). Let g(a) = -a + 12. Give g(t).
12
Let x = 4 - 2. Let p(w) = 4*w**x - 6*w - w**2 - 2*w**2 + 3*w. Give p(3).
0
Let l(n) = n + 11. Let k be l(-9). Let w(p) = -p. Let x be w(-2). Let v(y) = 0*y**2 + 4*y**x - 5*y**2 - 1. What is v(k)?
-5
Let w be (22/8)/(2/16). Let f be 6/(-15) - w/(-5). Let a(h) be the first derivative of -h**4/4 + 4*h**3/3 + h**2 - h - 3. Give a(f).
7
Suppose -3*n - 11 = 2*p, 9 = -p + 4*n + 31. Suppose 3*l + p*l = 0. Let j(s) = -s**3 + s**2 + s + 15. What is j(l)?
15
Let d(n) be the first derivative of -n**6/120 - n**5/12 + 7*n**4/24 + 7*n**3/6 + 4*n**2 - 1. Let l(w) be the second derivative of d(w). Determine l(-6).
1
Let k = 163 + -168. Let r(v) = -2*v - 4. Give r(k).
6
Let t(x) be the third derivative of 0 + 7/24*x**4 - 1/120*x**6 + 1/15*x**5 - 7/6*x**3 + 0*x + 2*x**2. Calculate t(5).
3
Let b(z) = z**2 - 5*z + 2. Let q be b(5). Let y(s) = 7*s + 2*s**2 + 2*s**2 - q - 2*s - 5*s**2. Determine y(3).
4
Let k be ((-16)/4)/(-4)*(3 + -4). Let o(q) be the second derivative of 3*q**5/10 + q**3/6 + q**2/2 - q. Determine o(k).
-6
Let s(m) = m - 1. Suppose -2*a + 4*g + 0*g + 18 = 0, 0 = -a + g + 4. Let z(p) be the third derivative of p**4/12 + p**3/6 - 9*p**2. Let u be z(a). What is s(u)?
-2
Let c(f) = -f**3 - 6*f**2 + 3*f + 6. Let d(v) = v**2 + v. Let y(n) = c(n) + 3*d(n). Let u be (-4)/(-16) + 1/(-4). Let q be (u + -3)*4/3. Determine y(q).
-2
Let q(m) = -4*m + 2. Let x(l) = -l**3 + 1. Let k be x(0). Suppose -2*s + 3 = -k. Suppose 0 = -s*p - 8, 5*j + 6*p = 2*p - 6. Give q(j).
-6
Let l(t) = -t**3 + 2*t**2 + 4*t - 4. Let b be 1 + (-2 - (-2 - -1)). Suppose b = -3*c - 0 + 9. Calculate l(c).
-1
Let u(m) be the first derivative of 2 + 2/3*m**3 - 7/2*m**2 + 7/4*m**4 - 3*m. Let b(f) = -f**3 + f + 1. Let l(r) = -6*b(r) - u(r). What is l(-3)?
3
Let c = 10 + -15. Let x(y) = -y**3 - 6*y**2 - 7*y - 6. Give x(c).
4
Let f(g) be the third derivative of g**7/105 - g**5/60 + g**4/24 + g**3/6 - 6*g**2. Let b(c) be the first derivative of f(c). Calculate b(1).
7
Let t(m) = 12*m**2 + 2*m + 2*m**2 - 15*m**2. Let v(d) = -d**3 + 3*d**2 + 5*d - 1. Let q be v(4). What is t(q)?
-3
Let n(r) be the second derivative of r**7/2520 + r**6/360 + 7*r**4/12 + 6*r. Let j(v) be the third derivative of n(v). Calculate j(-2).
0
Suppose 5 = 3*q - 7. Let g(p) be the third derivative of -p**7/5040 + p**5/5 - 3*p**2. Let w(v) be the third derivative of g(v). Calculate w(q).
-4
Let g(k) = -6 + 4 + 5*k + 0*k**2 + k**2. Let i be (-6)/8 - 21/4. Give g(i).
4
Let h(q) be the second derivative of q**3/3 - q**2 + 6*q. Let o(i) = -3*i + 3. Let t(v) = 4*h(v) + 3*o(v). Calculate t(1).
0
Suppose -3*d = 5*z - 4 - 1, 0 = -2*z - 2*d - 2. Let o(g) = g**2 - 2*g + 1. Calculate o(z).
9
Let i(n) = -4*n**3 + 2*n**2 + 4*n - 2. Let k(f) = f**3 - f**2. Let m(s) = -i(s) - 6*k(s). Determine m(2).
-6
Let p be ((-240)/(-140))/((-4)/14). Let g(c) be the third derivative of -c**6/120 - c**5/10 - c**4/12 - 3*c**3/2 + c**2. Calculate g(p).
3
Let y(h) = 4*h + 6. Let i(p) = -2*p - 3. Let f(c) = 7*i(c) + 3*y(c). What is f(4)?
-11
Suppose 0*p = -p - 1. Let v be (p - 0)/1*0. Let z(a) = 5*a. Let i(t) = 4*t. Let k(w) = -6*i(w) + 5*z(w). Calculate k(v).
0
Let j(c) be the first derivative of -c**4/4 + 5*c**3/3 - 5*c**2/2 - 2*c + 16. Calculate j(4).
-6
Suppose n = w + 4, -3*n + 11 = -1. Suppose 3*q + 0*q + 9 = w. Let c(y) = y - 1. Let z(a) = a. Let k(f) = -c(f) + 2*z(f). Give k(q).
-2
Let d = 4 - 0. Suppose 0 = g + z, 4*g = -d*z - z - 5. Let u(r) = -r**2 + 6*r - 6. Give u(g).
-1
Let l(y) be the first derivative of -y**2/2 - 2*y + 1. Let i be (-9)/(-6)*(-10)/(-3). Suppose 2*f - i - 5 = 0. Give l(f).
-7
Let w(h) = -2*h + 6. Let p(q) = q - 3. Let y(z) = 5*p(z) + 3*w(z). Let j(b) = -2*b + 5. Let i(x) = 6*j(x) - 10*y(x). Determine i(2).
-4
Let c(o) = -o - 6. Suppose 0 = -v + 5. Give c(v).
-11
Suppose -o = -0*j + 4*j + 8, 0 = 2*j - 5*o + 4. Let v(a) = 2*a**3 + a**2 - 2*a - 1. Determine v(j).
-9
Let l(u) = -3*u + 2*u - 1 - 4*u**2 + 6*u**2. Let d(m) = 2*m**2 - 6*m + 3. Let g be d(3). Determine l(g).
14
Let h(o) = -27 - 3*o**3 + 6*o**2 + 20 + 4*o**3. Give h(-5).
18
Suppose 15 = -h + 4*h. Suppose -2 = 3*r - h. Let b(f) be the second derivative of -9*f**5/20 + f**4/6 - f**2/2 + 4*f. Determine b(r).
-8
Let d(n) = 32*n + 9 - 18*n + 0 - 13*n. What is d(-7)?
2
Let f(n) = 2. Let u(g) = -g + 5. Let k(d) = -8*f(d) + 3*u(d). Suppose 22 = 2*o + 28. Give k(o).
8
Let f(s) be the second derivative of -s**4/12 + 7*s**3/6 - 3*s**2/2 - 3*s. Calculate f(4).
9
Let v(w) be the third derivative of w**6/120 - w**5/12 - w**4/6 - 2*w**3/3 + 10*w**2. Give v(6).
8
Let f = -14 + 26. Suppose f = -2*h + 5*h. Let u(z) = z**3 - 4*z**2 + 2*z - 5. Determine u(h).
3
Let q(k) = -k - 1. Let t(z) = 4*z + 4. Let m(y) = 22*q(y) + 6*t(y). Let p be -4 - -2 - (0 - 7). Suppose c + f + 23 = -4*f, p*c - 5*f = 35. Give m(c).
6
Let n(c) = c**3 - 6*c**2 + 7*c - 6. Let i(y) = -2*y - 10. Let h be i(-7). Suppose -4*r + 30 = 5*m, m - h = -2. Determine n(r).
4
Let x(d) = d - 6. Let m be x(8). Let v = 1 + m. Let h(p) = -4*p + v + p + 3. Determine h(5).
-9
Let g(c) = c**2 + 6*c + 6. Let o be g(-6). Let y(p) = -p**2 + 6*p - 7. Determine y(o).
-7
Let k(x) = -5*x**3 + 16 - 14 + 2*x**2 + 4*x**3 + 0*x**3 - x. Give k(3).
-10
Let b be (-46)/(-14) - 2/7. Let n(f) = 6 + 4 + b*f - 4. Let s be -3*(1 + (-1)/(-3)). Give n(s).
-6
Let d(r) = r - 5. Let p be d(7). Let h(x) = -2*x**2 + p*x + 3*x + 2*x**3 - 6*x. Determine h(2).
6
Let g be 2/3 - 60/9. Let w = -6 + -1. Let d = g - w. Let z(s) = 4*s**3 - 2*s**2 + s. Determine z(d).
3
Let y(u) = 55*u - 8 - 165*u + 55*u + 54*u. Determine y(-7).
-1
Let o = 25 + -25. Let q(a) = 3*a + 21. Let k(z) = -z - 10. Let s(d) = 